
False
Is 1146200 a multiple of 437?
False
Is 173 a factor of 914305?
True
Is 1945638 a multiple of 342?
True
Does 40 divide 7653100?
False
Is 49 a factor of 477162?
True
Is 2 a factor of 75246?
True
Is 202 a factor of 1931928?
True
Is 25080 a multiple of 24?
True
Is 23 a factor of 167325?
True
Is 1606355 a multiple of 19?
True
Is 4763528 a multiple of 296?
True
Is 20 a factor of 243700?
True
Does 4 divide 328064?
True
Does 67 divide 2597804?
False
Does 6 divide 565344?
True
Is 47 a factor of 18193371?
True
Is 33 a factor of 370693?
False
Does 6 divide 178759?
False
Is 1169449 a multiple of 38?
False
Is 19 a factor of 219732?
False
Does 12 divide 824640?
True
Does 73 divide 4275610?
True
Is 149856 a multiple of 42?
True
Does 132 divide 224197?
False
Does 673 divide 11836796?
False
Does 87 divide 1170846?
True
Does 11 divide 643470?
False
Is 14028 a multiple of 84?
True
Is 7681 a multiple of 3?
False
Is 139839 a multiple of 79?
False
Is 9361940 a multiple of 77?
False
Is 20 a factor of 770558?
False
Does 52 divide 771472?
True
Is 24 a factor of 971400?
True
Does 13 divide 3744598?
True
Is 591 a factor of 1940766?
False
Does 77 divide 168580?
False
Is 157586 a multiple of 13?
True
Is 47 a factor of 65477?
False
Is 79 a factor of 11186?
False
Does 43 divide 1937463?
False
Does 179 divide 2245211?
False
Does 5 divide 12210?
True
Is 1762040 a multiple of 203?
True
Does 297 divide 113109?
False
Is 199 a factor of 2152276?
False
Is 5 a factor of 22900?
True
Is 21 a factor of 16401?
True
Does 359 divide 285046?
True
Is 550 a factor of 637450?
True
Is 3288738 a multiple of 32?
False
Is 902 a factor of 16022769?
False
Is 4648196 a multiple of 763?
True
Is 14430 a multiple of 74?
True
Is 115 a factor of 24624?
False
Is 5857335 a multiple of 99?
True
Is 14025 a multiple of 255?
True
Is 253400 a multiple of 439?
False
Is 452 a factor of 630338?
False
Is 555651 a multiple of 28?
False
Is 144 a factor of 140688?
True
Is 27716 a multiple of 13?
True
Does 35 divide 39314?
False
Does 675 divide 86123?
False
Is 18 a factor of 142092?
True
Is 1136991 a multiple of 451?
False
Does 32 divide 547428?
False
Is 992 a multiple of 8?
True
Does 36 divide 1234667?
False
Is 3 a factor of 2398911?
True
Is 50 a factor of 163438?
False
Is 260779 a multiple of 14?
False
Is 85809 a multiple of 3?
True
Is 2370573 a multiple of 29?
False
Is 19 a factor of 875824?
True
Is 89 a factor of 9868384?
False
Is 340 a factor of 170273?
False
Does 239 divide 2168447?
True
Is 401766 a multiple of 622?
False
Is 27 a factor of 293031?
True
Does 180 divide 2498040?
True
Is 2999818 a multiple of 58?
True
Does 26 divide 31523?
False
Is 64780 a multiple of 158?
True
Is 668912 a multiple of 388?
True
Is 14360 a multiple of 31?
False
Is 42 a factor of 7014?
True
Is 204922 a multiple of 3?
False
Does 274 divide 910502?
True
Is 43464 a multiple of 12?
True
Does 322 divide 153272?
True
Is 190125 a multiple of 117?
True
Is 25 a factor of 124800?
True
Is 140244 a multiple of 4?
True
Is 90 a factor of 396938?
False
Is 291230 a multiple of 2?
True
Is 190 a factor of 520410?
True
Is 4 a factor of 129633?
False
Is 1161 a multiple of 27?
True
Does 28 divide 558523?
False
Does 438 divide 7663248?
True
Is 69 a factor of 611098?
False
Is 2949760 a multiple of 8?
True
Is 653554 a multiple of 311?
False
Is 173264 a multiple of 392?
True
Does 93 divide 8206320?
True
Is 278983 a multiple of 88?
False
Is 52 a factor of 151060?
True
Does 65 divide 62855?
True
Is 266742 a multiple of 29?
True
Is 2 a factor of 45832?
True
Is 364 a factor of 1319500?
True
Is 192 a factor of 6336?
True
Is 338 a factor of 20618?
True
Does 185 divide 116314?
False
Is 26 a factor of 20139?
False
Is 512904 a multiple of 12?
True
Is 1007 a factor of 561906?
True
Is 1132 a factor of 17263000?
True
Does 85 divide 11275?
False
Does 185 divide 6755227?
False
Is 179 a factor of 417223?
False
Is 979928 a multiple of 59?
False
Is 169337 a multiple of 7?
True
Is 7084303 a multiple of 537?
False
Is 1764127 a multiple of 464?
False
Does 21 divide 181405?
False
Does 166 divide 6480872?
False
Is 14934645 a multiple of 1485?
True
Does 87 divide 194793?
True
Is 490200 a multiple of 120?
True
Is 12186999 a multiple of 1089?
True
Is 231495 a multiple of 23?
True
Is 228912 a multiple of 3?
True
Does 23 divide 3302?
False
Is 273689 a multiple of 14?
False
Is 11900 a multiple of 4?
True
Is 10 a factor of 52249?
False
Does 11 divide 4113083?
False
Is 512486 a multiple of 13?
True
Is 40 a factor of 5902451?
False
Does 16 divide 62688?
True
Does 9 divide 237024?
True
Is 8880 a multiple of 10?
True
Is 3216297 a multiple of 161?
True
Does 56 divide 951959?
False
Does 8 divide 317405?
False
Does 28 divide 7370460?
False
Does 40 divide 828840?
True
Is 42 a factor of 502018?
False
Is 1059695 a multiple of 10?
False
Is 2203354 a multiple of 5?
False
Is 120829 a multiple of 157?
False
Does 58 divide 1625856?
True
Does 15 divide 8378?
False
Is 27362 a multiple of 45?
False
Does 48 divide 440488?
False
Is 3934 a multiple of 7?
True
Is 895280 a multiple of 589?
True
Is 216 a factor of 7600248?
False
Is 101222 a multiple of 86?
True
Is 171 a factor of 22059?
True
Does 6 divide 343212?
True
Does 466 divide 105316?
True
Does 541 divide 216400?
True
Does 100 divide 283801?
False
Is 654 a factor of 17710974?
True
Is 6204465 a multiple of 52?
False
Is 740 a factor of 2985096?
False
Does 239 divide 5274252?
True
Does 6 divide 841502?
False
Does 58 divide 584350?
True
Does 64 divide 444701?
False
Is 6 a factor of 1694920?
False
Does 92 divide 200744?
True
Does 13 divide 446955?
False
Is 1023664 a multiple of 137?
True
Is 716500 a multiple of 10?
True
Is 11988834 a multiple of 26?
True
Does 517 divide 14812790?
False
Is 24659 a multiple of 136?
False
Is 42 a factor of 5324382?
True
Is 73 a factor of 664811?
True
Does 262 divide 929254?
False
Does 434 divide 3240656?
False
Is 938260 a multiple of 215?
True
Does 8 divide 1281369?
False
Does 10 divide 6075000?
True
Is 5154140 a multiple of 48?
False
Is 88 a factor of 1366288?
True
Is 2028784 a multiple of 37?
True
Is 145617 a multiple of 62?
False
Is 122367 a multiple of 7?
True
Does 15 divide 208065?
True
Is 8 a factor of 150128?
True
Does 1222 divide 6866622?
False
Does 83 divide 372670?
True
Is 4952268 a multiple of 46?
True
Does 209 divide 3185696?
False
Is 770 a factor of 5045040?
True
Is 60 a factor of 407160?
True
Is 464347 a multiple of 13?
True
Is 107 a factor of 5564?
True
Is 27 a factor of 338742?
True
Is 22 a factor of 658619?
False
Is 17 a factor of 3145265?
False
Is 661578 a multiple of 16?
False
Is 247225 a multiple of 319?
True
Is 1280 a factor of 17416855?
False
Does 418 divide 11284409?
False
Is 31 a factor of 2666?
True
Is 6 a factor of 173400?
True
Is 24 a factor of 11952?
True
Is 1753856 a multiple of 248?
True
Is 9 a factor of 17791281?
True
Is 264437 a multiple of 59?
False
Is 2301102 a multiple of 282?
False
Is 20 a factor of 3125936?
False
Does 95 divide 3490991?
False
Is 123345 a multiple of 45?
True
Does 22 divide 8231520?
True
Is 21 a factor of 189819?
True
Is 14 a factor of 384219?
False
Is 13 a factor of 834368?
False
Is 2213808 a multiple of 272?
True
Is 4158301 a multiple of 7?
True
Does 170 divide 1547000?
True
Is 4 a factor of 46335?
False
Is 23 a factor of 23532?
False
Is 51840 a multiple of 36?
True
Is 1454840 a multiple of 148?
True
Is 17316 a multiple of 78?
True
Does 11 divide 494392?
False
Does 8 divide 87344?
True
Is 614 a factor of 177243?
False
Is 26702 a multiple of 169?
True
Is 731900 a multiple of 154?
False
Is 382 a factor of 1931774?
True
Is 143080 a multiple of 98?
True
Does 23 divide 3506810?
True
Is 640269 a multiple of 23?
False
Is 31 a factor of 13826?
True
Does 21 divide 6430998?
True
Does 83 divide 18094136?
False
Does 33 divide 73821?
True
Is 24 a factor of 269712?
True
Is 10 a factor of 362730?
True
Is 75 a factor of 548208?
False
Is 14 a factor of 3815197?
False
Is 19565164 a multiple of 1043?
False
Is 710277 a multiple of 60?
False
Is 10101146 a multiple of 94?
True
Does 57 divide 842520?
False
Is 83 a factor of 10580176?
True
Is 471763 a multiple of 66?
False
Is 1121 a factor of 2947160?
False
Is 109513 a multiple of 139?
False
Is 6 a factor of 1448244?
True
Does 37 divid